{"id":199,"date":"2021-09-15T23:18:15","date_gmt":"2021-09-15T23:18:15","guid":{"rendered":"http:\/\/localhost\/ecovalor\/?page_id=199"},"modified":"2021-09-15T23:18:15","modified_gmt":"2021-09-15T23:18:15","slug":"cultural-2","status":"publish","type":"page","link":"https:\/\/www.snap.cu\/ecovalor\/cultural-2\/","title":{"rendered":"Cultural"},"content":{"rendered":"\n<figure class=\"wp-block-image size-large\"><img loading=\"lazy\" width=\"1024\" height=\"565\" src=\"http:\/\/localhost\/ecovalor\/wp-content\/uploads\/2021\/09\/Servicios-culturales-1-1024x565.jpg\" alt=\"\" class=\"wp-image-200\" srcset=\"https:\/\/www.snap.cu\/ecovalor\/wp-content\/uploads\/2021\/09\/Servicios-culturales-1-1024x565.jpg 1024w, https:\/\/www.snap.cu\/ecovalor\/wp-content\/uploads\/2021\/09\/Servicios-culturales-1-300x166.jpg 300w, https:\/\/www.snap.cu\/ecovalor\/wp-content\/uploads\/2021\/09\/Servicios-culturales-1-768x424.jpg 768w, https:\/\/www.snap.cu\/ecovalor\/wp-content\/uploads\/2021\/09\/Servicios-culturales-1-1536x848.jpg 1536w, https:\/\/www.snap.cu\/ecovalor\/wp-content\/uploads\/2021\/09\/Servicios-culturales-1.jpg 1920w\" sizes=\"(max-width: 1024px) 100vw, 1024px\" \/><\/figure>\n\n\n\n<p class=\"has-text-align-center\">Recreaci\u00f3n<br>Informaci\u00f3n cient\u00edfica y desarrollo cognitivo<br>Valores est\u00e9ticos y culturales<\/p>\n","protected":false},"excerpt":{"rendered":"<p>Recreaci\u00f3nInformaci\u00f3n cient\u00edfica y desarrollo cognitivoValores est\u00e9ticos y culturales<\/p>\n","protected":false},"author":2,"featured_media":0,"parent":0,"menu_order":0,"comment_status":"closed","ping_status":"closed","template":"","meta":[],"yoast_head":"<!-- This site is optimized with the Yoast SEO plugin v16.3 - https:\/\/yoast.com\/wordpress\/plugins\/seo\/ -->\n<title>Cultural - Ecovalor<\/title>\n<meta name=\"robots\" content=\"index, follow, max-snippet:-1, max-image-preview:large, max-video-preview:-1\" \/>\n<link rel=\"canonical\" href=\"https:\/\/www.snap.cu\/ecovalor\/cultural-2\/\" \/>\n<meta property=\"og:locale\" content=\"es_ES\" \/>\n<meta property=\"og:type\" content=\"article\" \/>\n<meta property=\"og:title\" content=\"Cultural - Ecovalor\" \/>\n<meta property=\"og:description\" content=\"Recreaci\u00f3nInformaci\u00f3n cient\u00edfica y desarrollo cognitivoValores est\u00e9ticos y culturales\" \/>\n<meta property=\"og:url\" content=\"https:\/\/www.snap.cu\/ecovalor\/cultural-2\/\" \/>\n<meta property=\"og:site_name\" content=\"Ecovalor\" \/>\n<meta property=\"article:publisher\" content=\"https:\/\/www.facebook.com\/ecovalor.cuba\/\" \/>\n<meta property=\"og:image\" content=\"http:\/\/localhost\/ecovalor\/wp-content\/uploads\/2021\/09\/Servicios-culturales-1-1024x565.jpg\" \/>\n<meta name=\"twitter:card\" content=\"summary_large_image\" \/>\n<script type=\"application\/ld+json\" class=\"yoast-schema-graph\">{\"@context\":\"https:\/\/schema.org\",\"@graph\":[{\"@type\":\"Organization\",\"@id\":\"https:\/\/www.snap.cu\/ecovalor\/#organization\",\"name\":\"CNAP\",\"url\":\"https:\/\/www.snap.cu\/ecovalor\/\",\"sameAs\":[\"https:\/\/www.facebook.com\/ecovalor.cuba\/\"],\"logo\":{\"@type\":\"ImageObject\",\"@id\":\"https:\/\/www.snap.cu\/ecovalor\/#logo\",\"inLanguage\":\"es\",\"url\":\"http:\/\/www.snap.cu\/ecovalor\/wp-content\/uploads\/2022\/03\/Screenshot-2022-03-14-at-08-54-59-Ecovalor.png\",\"contentUrl\":\"http:\/\/www.snap.cu\/ecovalor\/wp-content\/uploads\/2022\/03\/Screenshot-2022-03-14-at-08-54-59-Ecovalor.png\",\"width\":828,\"height\":408,\"caption\":\"CNAP\"},\"image\":{\"@id\":\"https:\/\/www.snap.cu\/ecovalor\/#logo\"}},{\"@type\":\"WebSite\",\"@id\":\"https:\/\/www.snap.cu\/ecovalor\/#website\",\"url\":\"https:\/\/www.snap.cu\/ecovalor\/\",\"name\":\"Ecovalor\",\"description\":\"\",\"publisher\":{\"@id\":\"https:\/\/www.snap.cu\/ecovalor\/#organization\"},\"potentialAction\":[{\"@type\":\"SearchAction\",\"target\":\"https:\/\/www.snap.cu\/ecovalor\/?s={search_term_string}\",\"query-input\":\"required name=search_term_string\"}],\"inLanguage\":\"es\"},{\"@type\":\"ImageObject\",\"@id\":\"https:\/\/www.snap.cu\/ecovalor\/cultural-2\/#primaryimage\",\"inLanguage\":\"es\",\"url\":\"http:\/\/localhost\/ecovalor\/wp-content\/uploads\/2021\/09\/Servicios-culturales-1-1024x565.jpg\",\"contentUrl\":\"http:\/\/localhost\/ecovalor\/wp-content\/uploads\/2021\/09\/Servicios-culturales-1-1024x565.jpg\"},{\"@type\":\"WebPage\",\"@id\":\"https:\/\/www.snap.cu\/ecovalor\/cultural-2\/#webpage\",\"url\":\"https:\/\/www.snap.cu\/ecovalor\/cultural-2\/\",\"name\":\"Cultural - Ecovalor\",\"isPartOf\":{\"@id\":\"https:\/\/www.snap.cu\/ecovalor\/#website\"},\"primaryImageOfPage\":{\"@id\":\"https:\/\/www.snap.cu\/ecovalor\/cultural-2\/#primaryimage\"},\"datePublished\":\"2021-09-15T23:18:15+00:00\",\"dateModified\":\"2021-09-15T23:18:15+00:00\",\"breadcrumb\":{\"@id\":\"https:\/\/www.snap.cu\/ecovalor\/cultural-2\/#breadcrumb\"},\"inLanguage\":\"es\",\"potentialAction\":[{\"@type\":\"ReadAction\",\"target\":[\"https:\/\/www.snap.cu\/ecovalor\/cultural-2\/\"]}]},{\"@type\":\"BreadcrumbList\",\"@id\":\"https:\/\/www.snap.cu\/ecovalor\/cultural-2\/#breadcrumb\",\"itemListElement\":[{\"@type\":\"ListItem\",\"position\":1,\"item\":{\"@type\":\"WebPage\",\"@id\":\"https:\/\/www.snap.cu\/ecovalor\/\",\"url\":\"https:\/\/www.snap.cu\/ecovalor\/\",\"name\":\"Portada\"}},{\"@type\":\"ListItem\",\"position\":2,\"item\":{\"@id\":\"https:\/\/www.snap.cu\/ecovalor\/cultural-2\/#webpage\"}}]}]}<\/script>\n<!-- \/ Yoast SEO plugin. -->","_links":{"self":[{"href":"https:\/\/www.snap.cu\/ecovalor\/wp-json\/wp\/v2\/pages\/199"}],"collection":[{"href":"https:\/\/www.snap.cu\/ecovalor\/wp-json\/wp\/v2\/pages"}],"about":[{"href":"https:\/\/www.snap.cu\/ecovalor\/wp-json\/wp\/v2\/types\/page"}],"author":[{"embeddable":true,"href":"https:\/\/www.snap.cu\/ecovalor\/wp-json\/wp\/v2\/users\/2"}],"replies":[{"embeddable":true,"href":"https:\/\/www.snap.cu\/ecovalor\/wp-json\/wp\/v2\/comments?post=199"}],"version-history":[{"count":1,"href":"https:\/\/www.snap.cu\/ecovalor\/wp-json\/wp\/v2\/pages\/199\/revisions"}],"predecessor-version":[{"id":201,"href":"https:\/\/www.snap.cu\/ecovalor\/wp-json\/wp\/v2\/pages\/199\/revisions\/201"}],"wp:attachment":[{"href":"https:\/\/www.snap.cu\/ecovalor\/wp-json\/wp\/v2\/media?parent=199"}],"curies":[{"name":"wp","href":"https:\/\/api.w.org\/{rel}","templated":true}]}}